**2 + 20*m + 7. Calculate j(10).
7
Let q(y) = y**3 - 34*y**2 + y - 33. Give q(34).
1
Let i(x) = -x**3 - 5*x**2 + 3*x + 7. What is i(-4)?
-21
Let r(u) = 3*u + 1. What is r(1)?
4
Let y(g) = g**2 + g - 2. Determine y(-6).
28
Let x(v) = -5*v**2 + 2*v + 5. Calculate x(-4).
-83
Let p(z) = 47*z - 49. Give p(1).
-2
Let a(j) = j**2 - 3*j + 8. What is a(4)?
12
Let u(t) = -43*t**3 + 2*t**2 + 2*t - 1. Calculate u(-1).
42
Let r(q) = -3*q**2 + 19*q - 22. Calculate r(6).
-16
Let i(l) = -l**3 - 17*l**2 - 44*l + 18. What is i(-14)?
46
Let j(y) = y**3 + y**2 - 5*y + 4. Calculate j(2).
6
Let r(h) = -2*h**3 - h**2 - h + 5. Determine r(2).
-17
Let h(j) = j**2 + 4*j - 13. Give h(2).
-1
Let p(n) = -n**3 - 2*n**2 - 1. What is p(2)?
-17
Let m(y) = 3*y - 25. Give m(0).
-25
Let o(i) = i**3 - 14*i**2 + i + 14. Give o(14).
28
Let p(q) = q**3 + 7*q**2 + 4*q + 8. Calculate p(-6).
20
Let t(g) = -g**3 + 2*g**2 + 8*g + 5. Determine t(4).
5
Let i(l) = 10*l**2 - 143*l - 143. Determine i(-1).
10
Let o(j) = -j - 19. Determine o(-19).
0
Let l(m) = 2*m + 115. Give l(-7).
101
Let n(p) = 8*p**3 - 6*p**2 + 7*p - 1. Give n(1).
8
Let z(x) = -6*x + 88. Determine z(14).
4
Let v(o) = 226*o - 902. What is v(4)?
2
Let i(g) = -4*g**3 - 2*g**2 - g + 1. Calculate i(-2).
27
Let d(v) = v**2 - 16*v + 15. What is d(15)?
0
Let q(w) = -w**3 - 35*w**2 - 2*w - 119. Give q(-35).
-49
Let i(l) = -l**2 - 13*l + 35. What is i(-15)?
5
Let c(y) = 4*y + 17. Give c(-5).
-3
Let x(t) = t**2 - 9*t. Determine x(7).
-14
Let r(k) = -k**3 - 38*k**2 + k + 47. Determine r(-38).
9
Let j(s) = s**3 - 5*s**2 + 3*s - 3. Give j(4).
-7
Let y(o) = 11*o + 27. Determine y(-6).
-39
Let m(p) = -p**2 - 22*p - 26. Determine m(-20).
14
Let w(l) = l**3 - 17*l**2 + 17*l - 13. Give w(16).
3
Let n(a) = -2*a**3 - 18*a**2 - 9*a - 29. What is n(-9)?
52
Let a(h) = -h**3 - 7*h**2 + 11*h + 75. Determine a(-6).
-27
Let r(h) = 8*h - 9. What is r(2)?
7
Let i(k) = -k**3 + 3*k. Calculate i(-5).
110
Let q(v) = 17*v. Calculate q(1).
17
Let b(h) = 8*h + 1. Calculate b(-1).
-7
Let v(f) = -3*f - 47. What is v(-17)?
4
Let w(t) = t**3 + 6*t**2 - 3*t - 9. What is w(-6)?
9
Let x(w) = w**2 - w - 3. Determine x(3).
3
Let v(f) = -12*f + 138. Calculate v(12).
-6
Let l(t) = t**2 - 7*t. Calculate l(7).
0
Let x(v) = -10*v**3 - 2*v**2 + 5*v + 3. Calculate x(2).
-75
Let g(h) = h**2 + 14*h - 2. Calculate g(-14).
-2
Let i(c) = c**3 + 10*c**2 - 8*c + 39. Calculate i(-11).
6
Let w(d) = d**3 + 15*d**2 - 34*d - 13. Give w(-17).
-13
Let y(k) = 9*k + 1. Determine y(1).
10
Let v(q) = -q - 13. Give v(-16).
3
Let i(b) = -b + 34. What is i(-10)?
44
Let b(z) = z - 10. Give b(8).
-2
Let f(w) = -2*w**2 - 20*w - 28. What is f(-7)?
14
Let h(o) = -o**3 - 3*o**2 + 3*o - 1. Determine h(3).
-46
Let k(h) = 4*h**2 - 7*h + 7. Calculate k(3).
22
Let b(f) = -f**3 - 3*f**2 + 17*f + 5. What is b(-6)?
11
Let l(j) = -57*j - 681. Calculate l(-12).
3
Let j(w) = -w**3 - 3*w**2 - w - 1. What is j(-3)?
2
Let t(v) = v + 24. Determine t(-9).
15
Let o(n) = n**2 - 2*n. Calculate o(2).
0
Let d(r) = -r**2 + 6*r + 8. Give d(5).
13
Let t(w) = 5*w + 165. Calculate t(-30).
15
Let z(c) = 6*c - 50. What is z(9)?
4
Let y(j) = 4*j**2 + 103*j + 75. Determine y(-25).
0
Let c(u) = u - 6. Calculate c(-11).
-17
Let l(a) = 4*a. Calculate l(-1).
-4
Let l(g) = g**3 - 6*g**2 - g - 25. Determine l(7).
17
Let t(h) = -h**2 - 11*h + 60. Determine t(-14).
18
Let o(a) = a**3 - 10*a**2 + 7*a + 6. Give o(9).
-12
Let m(k) = k**3 - 9*k**2 + 24*k - 66. Give m(7).
4
Let y(s) = -s + 20. What is y(12)?
8
Let l(f) = -f + 4. Calculate l(-8).
12
Let x(b) = 4*b**3 + 3*b**2 + 2*b - 2. Give x(-2).
-26
Let l(p) = -26*p + 244. What is l(10)?
-16
Let n(y) = 20*y + 2. What is n(-2)?
-38
Let f(n) = n**2 - 2*n + 2. What is f(4)?
10
Let t(d) = 12*d + 29. Calculate t(-6).
-43
Let y(q) = q**2 - 9*q - 14. What is y(10)?
-4
Let j(p) = -p + 4. Give j(-3).
7
Let o(j) = -j**2 - 3*j + 2. Determine o(-5).
-8
Let a(m) = -25*m**2 - m - 1. Determine a(-1).
-25
Let n(i) = -12*i**2 + 3. Determine n(-1).
-9
Let y(m) = m**3 + 5*m**2 - m + 3. Calculate y(-4).
23
Let n(h) = -h + 4. Give n(-2).
6
Let h(n) = -n**2 - 25*n - 45. What is h(-23)?
1
Let a(r) = r**3 - 14*r**2 - r + 23. Determine a(13).
-159
Let f(w) = -w**3 - 4*w**2 + 5*w + 3. Determine f(-5).
3
Let g(d) = -d**3 + 2*d**2 - 9*d + 17. Give g(2).
-1
Let q(u) = -u - 33. What is q(-15)?
-18
Let j(x) = -x - 29. What is j(10)?
-39
Let p(m) = -6*m + 16. Give p(5).
-14
Let v(u) = -16*u - 1. Determine v(6).
-97
Let n(r) = -r**2 + 5*r + 11. Calculate n(6).
5
Let j(l) = -3*l - 9. Calculate j(-11).
24
Let f(u) = -u**2 - 23*u + 77. Calculate f(-28).
-63
Let w(u) = 10*u**3 - 3*u**2 + 3*u - 1. What is w(1)?
9
Let h(s) = -s**3 - s**2 - 2*s - 1. Give h(-1).
1
Let k(n) = 9*n + 7. What is k(-14)?
-119
Let y(r) = -2*r**3 + 11*r**2 + 14*r - 56. Give y(6).
-8
Let n(v) = -v**3 - 8*v**2 - 7*v - 4. What is n(-6)?
-34
Let m(j) = j**2 + 11*j - 7. Calculate m(-5).
-37
Let u(s) = -s**3 + 5*s**2 + 3*s - 15. What is u(5)?
0
Let m(s) = s**3 - 6*s**2 + 6*s - 1. Determine m(5).
4
Let x(a) = 2*a**2 + 6*a + 6. Give x(-4).
14
Let w(u) = u**3 - 2*u + 1. What is w(2)?
5
Let s(z) = -z**3 + 7*z**2 + 10*z - 8. Give s(8).
8
Let l(v) = 15*v**2 - 3*v - 3. Determine l(-1).
15
Let t(g) = 12*g**2 + 2*g + 2. Calculate t(-1).
12
Let j(q) = -3*q**2 + 47*q + 27. Give j(16).
11
Let t(s) = -2*s - 7. Calculate t(-4).
1
Let s(m) = 15*m**2 - m. Calculate s(1).
14
Let t(c) = -119*c + 241. What is t(2)?
3
Let j(b) = b**2 + 7*b - 13. Calculate j(3).
17
Let b(x) = 13*x - 1. Calculate b(2).
25
Let h(c) = -c**2 - 8*c - 4. What is h(-7)?
3
Let j(n) = -n**2 - 4*n - 1. Calculate j(-2).
3
Let j(s) = s**3 - 6*s**2 + 8*s + 6. Determine j(6).
54
Let p(d) = -2*d**3 + 14*d**2 + 3*d - 29. Give p(7).
-8
Let k(d) = -d**2 + d - 4. What is k(-4)?
-24
Let l(j) = 3*j**3 - 8*j**2 + 9*j. Determine l(1).
4
Let g(i) = -22*i**2. Calculate g(1).
-22
Let c(x) = -6*x - 38. Determine c(-9).
16
Let b(o) = -o**3 + 5*o**2 - 3*o + 4. Calculate b(4).
8
Let u(o) = 3*o**2 + 15*o - 3. Give u(-5).
-3
Let b(s) = -s**2 + 6*s + 5. Calculate b(6).
5
Let d(m) = -9*m**2 + 25*m + 4. Calculate d(3).
-2
Let o(d) = -4*d**2. Determine o(1).
-4
Let r(n) = n**2 + 2*n - 3. Determine r(-5).
12
Let v(a) = 2*a**2 + 18*a - 32. Calculate v(-10).
-12
Let z(b) = 2*b**3 + b**2 + 2*b. Give z(-1).
-3
Let x(u) = -11*u**2 - u. Give x(-1).
-10
Let k(d) = d**2 - 5*d + 3. What is k(3)?
-3
Let l(d) = -4*d - 1. Determine l(-5).
19
Let c(t) = -t**2 + 19*t + 104. Calculate c(24).
-16
Let h(j) = 4*j - 100. What is h(26)?
4
Let o(a) = a**3 - 4*a**2 + 2*a - 2. Determine o(5).
33
Let h(x) = -37*x**3 + x**2 - 4*x - 4. Determine h(-1).
38
Let c(o) = -o**2 - 20*o + 47. Determine c(-22).
3
Let h(o) = o**3 - 6*o**2 + 5*o - 47. Calculate h(6).
-17
Let l(f) = -4*f**2 - 29*f - 57. Determine l(-2).
-15
Let a(o) = o**3 - 32*o**2 + 4*o - 127. Give a(32).
1
Let g(u) = 6*u - 33. Determine g(-19).
-147
Let u(o) = -2*o**2 - 8*o - 6. Give u(-6).
-30
Let o(g) = -g**3 + 8*g**2 + 3*g - 5. What is o(4)?
71
Let n(k) = -k**3 + 7*k**2 - 10*k - 12. What is n(5)?
-12
Let m(g) = -g**3 + 6*g**2 + 3*g + 3. Determine m(7).
-25
Let j(z) = -3*z - 97. Give j(-30).
-7
Let f(g) = g**2 + 3*g - 37. What is f(-7)?
-9
Let y(r) = -r**2 - 10*r - 13. Determine y(-10).
-13
Let r(k) = -k**2 + 12*k - 57. What is r(8)?
-25
Let j(p) = -p**2 - 20*p - 33. What is j(-18)?
3
Let j(k) = 8*k + 33. Determine j(3).
57
Let t(h) = h**3 - 4*h**2 + 4*h + 1. What is t(5)?
46
Let s(w) = 11*w + 19. Give s(-3).
-14
Let v(c) = 23*c**3 - 2*c**2 + c. Determine v(1).
22
Let l(x) = -x - 10. What is l(-5)?
-5
Let a(m) = -m**3 - 12*m**2 - 14*m - 24. Give a(-11).
9
Let w(g) = g**2 - 14*g + 40. Give w(18).
112
Let p(d) = d**2 + 9*d + 13. Give p(-7).
-1
Let b(g) = g**2 - 8. Give b(6).
28
Let f(y) = -18*y + 104. What is f(7)?
-22
Let a(l) = -l**3 + 8*l**2 - 6*l + 1. Calculate a(6).
37
Let r(x) = -x**3 - 15*x**2 - 13*x - 1. Calculate r(-14).
-15
Let w(q) = -4*q - 35. Give w(-6).
-11
Let n(x) = -x**3 + 10*x**2 - 2*x - 57. Determine n(9).
6
Let u(o) = -o**3 - 2*o**2 + 3*o - 1. What is u(-3)?
-1
Let j(s) = s**2 - s - 6. Determine j(4).
6
Let v(u) = -u**3 + 5*u**2 + 7*u - 2. What is v(6)?
4
Let q(m) = -3*m**3 - 6*m**2 - 9*m - 16. What is q(-3)?
38
Let z(m) = 39*m + 221. Calculate z(-5).
26
Let l(g) = -g**3 - 2*g**